t is 231201 + -13?
231122
In base 10, what is 34334 + 5?
34339
In base 5, what is -31124 - -1202?
-24422
In base 3, what is -2121 - 11121011?
-11200202
In base 14, what is -72 + -bb?
-14d
In base 7, what is -34214 - 5?
-34222
In base 5, what is -11 + 2440142?
2440131
In base 7, what is 3 - -4212?
4215
In base 3, what is -1002202012 - 11101?
-1002220120
In base 9, what is 710 + -32?
667
In base 5, what is -110 - 2444?
-3104
In base 5, what is -1 + -141332121?
-141332122
In base 5, what is -421 - -1341?
420
In base 7, what is -602 - -15606?
15004
In base 9, what is -5 + -114805?
-114811
In base 3, what is -1101 + 1001020?
222212
In base 16, what is 35f16 - -3?
35f19
In base 6, what is -535510 + -20?
-535530
In base 5, what is -22433 - -240?
-22143
In base 2, what is 1101111010000 - 1000?
1101111001000
In base 15, what is -a4 + -14?
-b8
In base 9, what is -5 + -133226?
-133232
In base 6, what is -33 + 4141011?
4140534
In base 5, what is 0 - 44434?
-44434
In base 8, what is 107452 + 5?
107457
In base 5, what is 431 - 11434?
-11003
In base 5, what is 4 + -21000040?
-21000031
In base 10, what is -9 - 1312?
-1321
In base 11, what is 4 - 17701?
-176a8
In base 16, what is -523 - -98?
-48b
In base 13, what is -c9 - 7?
-103
In base 16, what is 2d - 44f?
-422
In base 10, what is 202849 + 4?
202853
In base 6, what is 534 - 1153?
-215
In base 10, what is 6 - -16273?
16279
In base 7, what is 4431 + 163?
4624
In base 4, what is 123 + -121301?
-121112
In base 15, what is a - 6529?
-651e
In base 7, what is 2326220 + 33?
2326253
In base 11, what is -128 + 300?
183
In base 13, what is 442 - -267?
6a9
In base 16, what is 3 + c589?
c58c
In base 11, what is -1 + -7336?
-7337
In base 14, what is 186 - bb?
a9
In base 2, what is -10000 - -10010000000001110?
10001111111111110
In base 3, what is -1 - -1021002121211?
1021002121210
In base 6, what is 2401 - 2202?
155
In base 5, what is -424213 + -1342?
-431110
In base 12, what is -2792 - 12?
-27a4
In base 7, what is -354226 - 1?
-354230
In base 8, what is -123 + -374?
-517
In base 11, what is 963 + -29?
935
In base 6, what is -1515013 - 5?
-1515022
In base 15, what is -5 - 5e8ec?
-5e902
In base 2, what is -11010011110101011100011 - 1?
-11010011110101011100100
In base 6, what is -3 - -11452340?
11452333
In base 15, what is 18d + 1e2?
380
In base 16, what is 0 + 3737a?
3737a
In base 4, what is -10 - -103210301?
103210231
In base 4, what is 13003230 - 1?
13003223
In base 11, what is -231 + -540?
-771
In base 2, what is 10001000101111 - -111?
10001000110110
In base 16, what is -4aea - 95?
-4b7f
In base 14, what is -186 - -a5a?
8b4
In base 2, what is 1010101 - 10011010011011?
-10011001000110
In base 12, what is 36014 + -5?
3600b
In base 3, what is -12 - 212101102200?
-212101102212
In base 2, what is 11 + 11011011010000110000?
11011011010000110011
In base 14, what is b + -5b5ca?
-5b5bd
In base 12, what is 5 - -131102?
131107
In base 15, what is -39 - -e5a?
e21
In base 13, what is -1 - -b9c49?
b9c48
In base 10, what is -217 + -13?
-230
In base 7, what is 110523 - 402?
110121
In base 2, what is 11001011010100 + 10001?
11001011100101
In base 9, what is -25235 + 26?
-25208
In base 15, what is -3 - b831?
-b834
In base 10, what is 1 + -214552?
-214551
In base 10, what is -562 - -1?
-561
In base 4, what is -2101 - 1223321?
-1232022
In base 16, what is 0 - 3cb9?
-3cb9
In base 14, what is -4503 - c9?
-45cc
In base 15, what is 1373 + -415?
e5d
In base 5, what is -133 - -22440?
22302
In base 13, what is b806 - 4?
b802
In base 3, what is -112 + -102002112011?
-102002112200
In base 7, what is -3 - -260636?
260633
In base 10, what is 150 - 5850?
-5700
In base 3, what is 1002210111 + 2?
1002210120
In base 5, what is -3300140 - -4?
-3300131
In base 9, what is 0 - -665148?
665148
In base 7, what is 334412 - 25?
334354
In base 12, what is -9980 + 25?
-9957
In base 14, what is -15 + 2720?
2709
In base 13, what is 35452 + -8?
35447
In base 16, what is 30a - -29?
333
In base 3, what is -10 - 2000122101?
-2000122111
In base 9, what is 1 + 376467?
376468
In base 9, what is 11 + -2781?
-2770
In base 9, what is -1077 + 516?
-461
In base 14, what is 4 - -2d6ca?
2d6d0
In base 3, what is 0 + -210210?
-210210
In base 2, what is -1101001110000110 + 10?
-1101001110000100
In base 16, what is 5 - -10d4e?
10d53
In base 12, what is 157 - 3a4b?
-38b4
In base 2, what is -10000100011 - -101?
-10000011110
In base 12, what is 6 - aa37?
-aa31
In base 8, what is -317 + 1?
-316
In base 12, what is -39 - -42?
5
In base 8, what is 3 + -214021?
-214016
In base 8, what is 12 + 7672?
7704
In base 11, what is 213890 + -4?
213887
In base 7, what is -1050 + 30?
-1020
In base 11, what is 976 + -110?
866
In base 5, what is 3 + 42114403?
42114411
In base 7, what is -3 + -4026402?
-4026405
In base 8, what is 530307 - -3?
530312
In base 12, what is -3194 - a8?
-3280
In base 14, what is -21b - 74?
-291
In base 16, what is -1fc1 + 4?
-1fbd
In base 9, what is -5 - 228444?
-228450
In base 5, what is 222 + 10101112?
10101334
In base 11, what is 65 - 434a?
-4295
In base 2, what is -101 + -1001110000100010110?
-1001110000100011011
In base 8, what is -6 + -6040?
-6046
In base 5, what is 224 + -12211?
-11432
In base 7, what is -35412 + -264?
-36006
In base 6, what is 12305 - 0?
12305
In base 16, what is -3 + f5fb?
f5f8
In base 6, what is -2 + -31555?
-32001
In base 6, what is -545254 - -1?
-545253
In base 14, what is -22a98 + -1?
-22a99
In base 9, what is 24142 - 177?
23854
In base 16, what is 2747 - 1?
2746
In base 8, what is 2 + 52?
54
In base 13, what is -187b48 + 5?
-187b43
In base 8, what is -1 + -10572?
-10573
In base 2, what is 1011001011000000 + -100?
1011001010111100
In base 13, what is 3423b - -5?
34243
In base 11, what is -9 + -2260?
-2269
In base 13, what is -29013 - 0?
-29013
In base 2, what is -110010101 + -100101010?
-1010111111
In base 5, what is 2 + 20231?
20233
In base 7, what is -3362 + 2051?
-1311
In base 7, what is 243 + -56211?
-55635
In base 2, what is 11010 + -1101000110?
-1100101100
In base 10, what is -51 - 2724?
-2775
In base 2, what is 101010110010 - -10011111111?
111110110001
In base 10, what is -8804 - -11?
-8793
In base 6, what is 2 + -4425101?
-4425055
In base 3, what is -10200 - 1022222?
-1110122
In base 7, what is 13520462 + 3?
13520465
In base 3, what is -10010200 + 111?
-10010012
In base 3, what is -1 + -101112111?
-101112112
In base 3, what is 1101111 + 201?
1102012
In base 9, what is 1 - 8588?
-8587
In base 7, what is 53206 + -5?
53201
In base 12, what is -b090 + 33?
-b059
In base 16, what is 3 - d5e8?
-d5e5
In base 16, what is -1fba - 2a?
-1fe4
In base 6, what is -3443 + 520?
-2523
In base 4, what is -1022221 + 1110?
-1021111
In base 7, what is 12132 + 1033?
13165
In base 9, what is 376670 - 5?
376664
In base 7, what is 4 - 31114?
-31110
In base 16, what is 13b29 + -2?
13b27
In base 3, what is 221212121 - 21021?
221121100
In base 4, what is -1303 + 1100?
-203
In base 10, what is 1488 - 1767?
-279
In base 8, what is -4 - 1537660?
-1537664
In base 13, what is 4501 - -10?
4511
In base 2, what is -1010001100100 - -11101?
-1010001000111
In base 3, what is -2010 - -2100222?
2021212
In base 10, what is 0 + 291614?
291614
In base 12, what is -30b - 252?
-561
In base 11, what is -65831 - -4?
-65828
In base 6, what is -3300 - -1?
-3255
In base 6, what is 305112 + 2?
305114
In base 10, what is 658492 - 1?
658491
In base 7, what is -2 + 10062?
10060
In base 6, what is -4330352 + 0?
-4330352
In base 10, what is -9709905 + 5?
-9709900
In base 10, what is 3122 - -551?
3673
In base 13, what is 8 + -7497?
-748c
In base 4, what is -1330321 - 1?
-1330322
In base 12, what is 91 + 752a?
75bb
In base 14, what is 33d3 + 1?
33d4
In base 6, what is -334341 - -103?
-334234
In base 5, what is -10 + 402444?
402434
In base 6, what is 110333 - -23?
110400
In base 5, what is -30 - -300043?
300013
In base 11, what is 47167 + 3?
4716a
In base 3, what is -10210112112 + 10?
-10210112102
In base 2, what is -100111101000 - 101000?
-101000010000
In base 11, what is 196 - -806?
9a1
In base 16, what is -9da - 9?
-9e3
In base 15, what is -4 + -2425b?
-24260
In base 14, what is 54067 + -2?
54065
In base 2, what is 100 + 11001101100111100?
11001101101000000
In base 4, what is 30113110 - -130